{"id":38532,"date":"2024-11-18T09:51:46","date_gmt":"2024-11-18T08:51:46","guid":{"rendered":"https:\/\/refonte-asterix.fr\/personnages\/courdetenis\/"},"modified":"2024-12-27T10:01:08","modified_gmt":"2024-12-27T09:01:08","slug":"tennisplatzis","status":"publish","type":"personnages","link":"https:\/\/asterix.com\/de\/charaktere\/tennisplatzis\/","title":{"rendered":"Tennisplatzis"},"content":{"rendered":"<div class=\"wpb-content-wrapper\"><p>[vc_row css_animation=&#8220;&#8220; row_type=&#8220;row&#8220; use_row_as_full_screen_section=&#8220;no&#8220; type=&#8220;full_width&#8220; angled_section=&#8220;no&#8220; text_align=&#8220;left&#8220; background_image_as_pattern=&#8220;without_pattern&#8220;][vc_column width=&#8220;2\/3&#8243;][vc_column_text css=&#8220;&#8220;]<\/p>\n<h2>\u00c4gypter auf Reisen<\/h2>\n<p>[\/vc_column_text][vc_column_text css=&#8220;&#8220;]Nachdem er in\u00a0<a class=\"linkalb\" href=\"https:\/\/asterix.com\/de\/albums\/die-klassischen-abenteuer\/asterix-als-legionaer\/\"><i>Asterix als Legion\u00e4r<\/i><\/a>\u00a0aufgrund eines Missverst\u00e4ndnisses unfreiwillig bei der r\u00f6mischen Legion gelandet ist, verwechselt Tennisplatzis das R\u00f6merlager mit einem Ferienlager.<\/p>\n<p>&nbsp;<\/p>\n<p>Zum Gl\u00fcck f\u00fcr ihn nehmen Asterix und Obelix ihre Rolle als Animateure ernst, und Tennisplatzis f\u00fchlt sich an seine jungen Jahre in der Armee erinnert![\/vc_column_text][vc_empty_space][\/vc_column][vc_column width=&#8220;1\/3&#8243;][vc_single_image image=&#8220;16337&#8243; img_size=&#8220;full&#8220; alignment=&#8220;center&#8220; css=&#8220;.vc_custom_1731919850904{padding-right: 10% !important;padding-left: 10% !important;}&#8220; qode_css_animation=&#8220;&#8220;][\/vc_column][\/vc_row]<\/p>\n<\/div>","protected":false},"featured_media":23842,"parent":0,"template":"","meta":{"_acf_changed":false},"portfolio_category":[440,432],"bandes-dessinees":[468],"class_list":["post-38532","personnages","type-personnages","status-publish","has-post-thumbnail","hentry","portfolio_category-die-anderen-volker","portfolio_category-die-charaktere","bandes-dessinees-asterix-legionnaire-de"],"acf":[],"yoast_head":"<!-- This site is optimized with the Yoast SEO plugin v26.7 - https:\/\/yoast.com\/wordpress\/plugins\/seo\/ -->\n<title>Ast\u00e9rix<\/title>\n<meta name=\"robots\" content=\"index, follow, max-snippet:-1, max-image-preview:large, max-video-preview:-1\" \/>\n<link rel=\"canonical\" href=\"\/\" \/>\n<meta property=\"og:locale\" content=\"de_DE\" \/>\n<meta property=\"og:type\" content=\"article\" \/>\n<meta property=\"og:site_name\" content=\"Ast\u00e9rix\" \/>\n<meta name=\"twitter:card\" content=\"summary_large_image\" \/>\n<script type=\"application\/ld+json\" class=\"yoast-schema-graph\">{\"@context\":\"https:\/\/schema.org\",\"@graph\":[{\"@type\":\"CollectionPage\",\"@id\":null,\"url\":\"\",\"name\":\"\",\"isPartOf\":{\"@id\":\"https:\/\/asterix.com\/de\/#website\"},\"inLanguage\":\"de\"},{\"@type\":\"WebSite\",\"@id\":\"https:\/\/asterix.com\/de\/#website\",\"url\":\"https:\/\/asterix.com\/de\/\",\"name\":\"Ast\u00e9rix\",\"description\":\"Le site officiel\",\"potentialAction\":[{\"@type\":\"SearchAction\",\"target\":{\"@type\":\"EntryPoint\",\"urlTemplate\":\"https:\/\/asterix.com\/de\/?s={search_term_string}\"},\"query-input\":{\"@type\":\"PropertyValueSpecification\",\"valueRequired\":true,\"valueName\":\"search_term_string\"}}],\"inLanguage\":\"de\"}]}<\/script>\n<!-- \/ Yoast SEO plugin. -->","yoast_head_json":{"title":"Ast\u00e9rix","robots":{"index":"index","follow":"follow","max-snippet":"max-snippet:-1","max-image-preview":"max-image-preview:large","max-video-preview":"max-video-preview:-1"},"canonical":"\/","og_locale":"de_DE","og_type":"article","og_site_name":"Ast\u00e9rix","twitter_card":"summary_large_image","schema":{"@context":"https:\/\/schema.org","@graph":[{"@type":"CollectionPage","@id":null,"url":"","name":"","isPartOf":{"@id":"https:\/\/asterix.com\/de\/#website"},"inLanguage":"de"},{"@type":"WebSite","@id":"https:\/\/asterix.com\/de\/#website","url":"https:\/\/asterix.com\/de\/","name":"Ast\u00e9rix","description":"Le site officiel","potentialAction":[{"@type":"SearchAction","target":{"@type":"EntryPoint","urlTemplate":"https:\/\/asterix.com\/de\/?s={search_term_string}"},"query-input":{"@type":"PropertyValueSpecification","valueRequired":true,"valueName":"search_term_string"}}],"inLanguage":"de"}]}},"_links":{"self":[{"href":"https:\/\/asterix.com\/de\/wp-json\/wp\/v2\/personnages\/38532"}],"collection":[{"href":"https:\/\/asterix.com\/de\/wp-json\/wp\/v2\/personnages"}],"about":[{"href":"https:\/\/asterix.com\/de\/wp-json\/wp\/v2\/types\/personnages"}],"wp:featuredmedia":[{"embeddable":true,"href":"https:\/\/asterix.com\/de\/wp-json\/wp\/v2\/media\/23842"}],"wp:attachment":[{"href":"https:\/\/asterix.com\/de\/wp-json\/wp\/v2\/media?parent=38532"}],"wp:term":[{"taxonomy":"portfolio_category","embeddable":true,"href":"https:\/\/asterix.com\/de\/wp-json\/wp\/v2\/portfolio_category?post=38532"},{"taxonomy":"bandes-dessinees","embeddable":true,"href":"https:\/\/asterix.com\/de\/wp-json\/wp\/v2\/bandes-dessinees?post=38532"}],"curies":[{"name":"wp","href":"https:\/\/api.w.org\/{rel}","templated":true}]}}

<div class="wpb-content-wrapper"><p>[vc_row css_animation=&#8220;&#8220; row_type=&#8220;row&#8220; use_row_as_full_screen_section=&#8220;no&#8220; type=&#8220;full_width&#8220; angled_section=&#8220;no&#8220; text_align=&#8220;left&#8220; background_image_as_pattern=&#8220;without_pattern&#8220;][vc_column width=&#8220;2/3&#8243;][vc_column_text css=&#8220;&#8220;]</p>
<h2>Ägypter auf Reisen</h2>
<p>[/vc_column_text][vc_column_text css=&#8220;&#8220;]Nachdem er in <a class="linkalb" href="https://asterix.com/de/albums/die-klassischen-abenteuer/asterix-als-legionaer/"><i>Asterix als Legionär</i></a> aufgrund eines Missverständnisses unfreiwillig bei der römischen Legion gelandet ist, verwechselt Tennisplatzis das Römerlager mit einem Ferienlager.</p>
<p>&nbsp;</p>
<p>Zum Glück für ihn nehmen Asterix und Obelix ihre Rolle als Animateure ernst, und Tennisplatzis fühlt sich an seine jungen Jahre in der Armee erinnert![/vc_column_text][vc_empty_space][/vc_column][vc_column width=&#8220;1/3&#8243;][vc_single_image image=&#8220;16337&#8243; img_size=&#8220;full&#8220; alignment=&#8220;center&#8220; css=&#8220;.vc_custom_1731919850904{padding-right: 10% !important;padding-left: 10% !important;}&#8220; qode_css_animation=&#8220;&#8220;][/vc_column][/vc_row]</p>
</div>

<!-- This site is optimized with the Yoast SEO plugin v26.7 - https://yoast.com/wordpress/plugins/seo/ -->
<title>Astérix</title>
<meta name="robots" content="index, follow, max-snippet:-1, max-image-preview:large, max-video-preview:-1" />
<link rel="canonical" href="/" />
<meta property="og:locale" content="de_DE" />
<meta property="og:type" content="article" />
<meta property="og:site_name" content="Astérix" />
<meta name="twitter:card" content="summary_large_image" />
<script type="application/ld+json" class="yoast-schema-graph">{"@context":"https://schema.org","@graph":[{"@type":"CollectionPage","@id":null,"url":"","name":"","isPartOf":{"@id":"https://asterix.com/de/#website"},"inLanguage":"de"},{"@type":"WebSite","@id":"https://asterix.com/de/#website","url":"https://asterix.com/de/","name":"Astérix","description":"Le site officiel","potentialAction":[{"@type":"SearchAction","target":{"@type":"EntryPoint","urlTemplate":"https://asterix.com/de/?s={search_term_string}"},"query-input":{"@type":"PropertyValueSpecification","valueRequired":true,"valueName":"search_term_string"}}],"inLanguage":"de"}]}</script>
<!-- / Yoast SEO plugin. -->

Astérix
